{"id":11,"date":"2023-03-30T12:57:54","date_gmt":"2023-03-30T12:57:54","guid":{"rendered":"https:\/\/aikidojo.hr\/wordpressnew\/?page_id=11"},"modified":"2025-12-09T14:47:36","modified_gmt":"2025-12-09T13:47:36","slug":"aikido-povijest","status":"publish","type":"page","link":"https:\/\/www.aikidojo.hr\/wordpressnew\/aikido-povijest\/","title":{"rendered":"Aikido povijest"},"content":{"rendered":"\t\t<div data-elementor-type=\"wp-page\" data-elementor-id=\"11\" class=\"elementor elementor-11\">\n\t\t\t\t\t\t<section class=\"elementor-section elementor-top-section elementor-element elementor-element-12c8c2f elementor-section-boxed elementor-section-height-default elementor-section-height-default wpr-particle-no wpr-jarallax-no wpr-parallax-no wpr-sticky-section-no\" data-id=\"12c8c2f\" data-element_type=\"section\" data-e-type=\"section\">\n\t\t\t\t\t\t<div class=\"elementor-container elementor-column-gap-default\">\n\t\t\t\t\t<div class=\"elementor-column elementor-col-100 elementor-top-column elementor-element elementor-element-131c964\" data-id=\"131c964\" data-element_type=\"column\" data-e-type=\"column\" data-settings=\"{&quot;background_background&quot;:&quot;classic&quot;}\">\n\t\t\t<div class=\"elementor-widget-wrap elementor-element-populated\">\n\t\t\t\t\t\t<div class=\"elementor-element elementor-element-e7d4866 elementor-widget elementor-widget-heading\" data-id=\"e7d4866\" data-element_type=\"widget\" data-e-type=\"widget\" data-widget_type=\"heading.default\">\n\t\t\t\t<div class=\"elementor-widget-container\">\n\t\t\t\t\t<h1 class=\"elementor-heading-title elementor-size-default\">Aikido povijest<\/h1>\t\t\t\t<\/div>\n\t\t\t\t<\/div>\n\t\t\t\t\t<\/div>\n\t\t<\/div>\n\t\t\t\t\t<\/div>\n\t\t<\/section>\n\t\t\t\t<section class=\"elementor-section elementor-top-section elementor-element elementor-element-0cb1625 elementor-section-boxed elementor-section-height-default elementor-section-height-default wpr-particle-no wpr-jarallax-no wpr-parallax-no wpr-sticky-section-no\" data-id=\"0cb1625\" data-element_type=\"section\" data-e-type=\"section\">\n\t\t\t\t\t\t<div class=\"elementor-container elementor-column-gap-default\">\n\t\t\t\t\t<div class=\"elementor-column elementor-col-100 elementor-top-column elementor-element elementor-element-1f32d0d\" data-id=\"1f32d0d\" data-element_type=\"column\" data-e-type=\"column\">\n\t\t\t<div class=\"elementor-widget-wrap elementor-element-populated\">\n\t\t\t\t\t\t<div class=\"elementor-element elementor-element-c6c5f20 elementor-widget elementor-widget-text-editor\" data-id=\"c6c5f20\" data-element_type=\"widget\" data-e-type=\"widget\" data-widget_type=\"text-editor.default\">\n\t\t\t\t<div class=\"elementor-widget-container\">\n\t\t\t\t\t\t\t\t\t<p><strong><img fetchpriority=\"high\" decoding=\"async\" class=\"size-medium wp-image-10297 alignleft\" src=\"https:\/\/www.aikidojo.hr\/wordpressnew\/wp-content\/uploads\/2025\/12\/OSensei-Morihei-Ueshiba-203x300.jpg\" alt=\"\" width=\"203\" height=\"300\" srcset=\"https:\/\/www.aikidojo.hr\/wordpressnew\/wp-content\/uploads\/2025\/12\/OSensei-Morihei-Ueshiba-203x300.jpg 203w, https:\/\/www.aikidojo.hr\/wordpressnew\/wp-content\/uploads\/2025\/12\/OSensei-Morihei-Ueshiba-8x12.jpg 8w, https:\/\/www.aikidojo.hr\/wordpressnew\/wp-content\/uploads\/2025\/12\/OSensei-Morihei-Ueshiba-100x148.jpg 100w, https:\/\/www.aikidojo.hr\/wordpressnew\/wp-content\/uploads\/2025\/12\/OSensei-Morihei-Ueshiba-150x222.jpg 150w, https:\/\/www.aikidojo.hr\/wordpressnew\/wp-content\/uploads\/2025\/12\/OSensei-Morihei-Ueshiba-200x295.jpg 200w, https:\/\/www.aikidojo.hr\/wordpressnew\/wp-content\/uploads\/2025\/12\/OSensei-Morihei-Ueshiba-300x443.jpg 300w, https:\/\/www.aikidojo.hr\/wordpressnew\/wp-content\/uploads\/2025\/12\/OSensei-Morihei-Ueshiba-450x665.jpg 450w, https:\/\/www.aikidojo.hr\/wordpressnew\/wp-content\/uploads\/2025\/12\/OSensei-Morihei-Ueshiba-600x886.jpg 600w, https:\/\/www.aikidojo.hr\/wordpressnew\/wp-content\/uploads\/2025\/12\/OSensei-Morihei-Ueshiba.jpg 677w\" sizes=\"(max-width: 203px) 100vw, 203px\" \/>Aikido \u2013 vje\u0161tina harmonije i nenasilja<\/strong><\/p><p>Aikido je japanska borila\u010dka vje\u0161tina koja nagla\u0161ava nenasilje, smirenost i kontrolu vlastite energije. Temelji se na kru\u017enim pokretima, preusmjeravanju snage i preciznim tehnikama kojima se napad dovodi pod kontrolu bez nano\u0161enja \u0161tete. Cilj aikida nije pobijediti protivnika, nego razviti unutarnju stabilnost, mir i sposobnost harmoniziranja s okolinom.<\/p><p><strong>Povijest aikida<\/strong><\/p><p>Aikido se razvio u prvoj polovici 20. stolje\u0107a iz samurajskih tradicija, posebno iz Dait\u014d-ry\u016b Aiki-j\u016bjutsua. Iako vu\u010de korijene iz drevnih borila\u010dkih vje\u0161tina, aikido je oblikovan kao moderna disciplina koja nagla\u0161ava duhovnost, nenasilje i osobni razvoj. Nakon Drugog svjetskog rata, zahvaljuju\u0107i predanosti Ueshibinih u\u010denika, aikido se po\u010deo \u0161iriti najprije po Japanu, a zatim i svijetu.<\/p><p><strong>Osniva\u010d \u2013 Morihei Ueshiba (1883.\u20131969.)<\/strong><\/p><p>Morihei Ueshiba, poznat kao O-Sensei, ro\u0111en je 14. prosinca 1883., a umro 26. travnja 1969. Bio je izniman majstor borila\u010dkih vje\u0161tina i \u010dovjek duboke duhovnosti. Kombiniraju\u0107i tehni\u010dko znanje, \u017eivotno iskustvo i duhovna u\u010denja, oblikovao je aikido kao put koji ujedinjuje tijelo, um i duh.<\/p><p><br \/><strong>\u017divot u Iwami i nastanak Iwama Dojoa<\/strong><\/p><p>U 1940-ima O-Sensei se povukao u selo Iwama u prefekturi Ibaraki. Ondje je, u miru prirode i svakodnevnoj praksi, aikido dobio svoj najzreliji oblik. U Iwami je Ueshiba izgradio Iwama Dojo (Ibaraki Shibu Dojo) i sveti\u0161te Aiki Jinja. Taj se period smatra klju\u010dnim za razvoj aiki-kena i aiki-joa, tradicionalnih oru\u017eanih formi koje su postale neizostavni dio aikida.<\/p><p><strong>Naslje\u0111e \u2013 vodstvo u Tokyju<\/strong><\/p><p>Prije smrti, Ueshiba je upravljanje glavnim sjedi\u0161tem aikida u Tokyju \u2013 Aikikai Hombu Dojom \u2013 povjerio svom sinu Kisshomaruu Ueshibi, prvom nasljedniku i drugom D\u014dshuu. Njegov rad omogu\u0107io je da se aikido ra\u0161iri globalno i u\u0111e u svjetsku borila\u010dku zajednicu. Danas Hombu Dojo vodi njegov sin, Moriteru Ueshiba, koji predstavlja tre\u0107u generaciju obiteljske linije.<\/p><p><strong>Aikido danas u svijetu<\/strong><\/p><p>Danas se aikido trenira u vi\u0161e od 140 zemalja diljem svijeta. Postoje deseci me\u0111unarodnih organizacija, tisu\u0107e klubova i milijuni vje\u017eba\u010da. Aikido se prakticira ne samo kao borila\u010dka vje\u0161tina, nego i kao sredstvo osobnog razvoja, pedagogije, terapije kretanja i razvijanja emocionalne inteligencije. Unato\u010d razli\u010ditim stilovima i \u0161kolama, temeljna poruka ostaje ista \u2014 mir, sklad i po\u0161tovanje.<\/p><p><strong>Zavr\u0161na misao<\/strong><\/p><p>Aikido nas u\u010di da se pravi susret ne doga\u0111a u sukobu, ve\u0107 u harmoniji. U trenutku kada prestanemo gledati protivnika kao neprijatelja, otvaramo prostor za razumijevanje, mir i istinsku snagu. Aikido je put koji ne zavr\u0161ava na tatamiju \u2014 on oblikuje karakter, odnos prema svijetu i sposobnost \u017eivljenja u skladu sa sobom i drugima.<\/p><p>Vi\u0161e o O-Sensei-u mo\u017eete pro\u010ditati <a href=\"https:\/\/hr.m.wikipedia.org\/wiki\/Morihei_Ue%C5%A1iba\">ovdje<\/a>.<\/p>\t\t\t\t\t\t\t\t<\/div>\n\t\t\t\t<\/div>\n\t\t\t\t\t<\/div>\n\t\t<\/div>\n\t\t\t\t\t<\/div>\n\t\t<\/section>\n\t\t\t\t<section class=\"elementor-section elementor-top-section elementor-element elementor-element-e203e66 elementor-section-boxed elementor-section-height-default elementor-section-height-default wpr-particle-no wpr-jarallax-no wpr-parallax-no wpr-sticky-section-no\" data-id=\"e203e66\" data-element_type=\"section\" data-e-type=\"section\">\n\t\t\t\t\t\t<div class=\"elementor-container elementor-column-gap-default\">\n\t\t\t\t\t<div class=\"elementor-column elementor-col-100 elementor-top-column elementor-element elementor-element-53f185b\" data-id=\"53f185b\" data-element_type=\"column\" data-e-type=\"column\">\n\t\t\t<div class=\"elementor-widget-wrap elementor-element-populated\">\n\t\t\t\t\t\t<div class=\"elementor-element elementor-element-06bdbed elementor-widget__width-inherit elementor-widget elementor-widget-video\" data-id=\"06bdbed\" data-element_type=\"widget\" data-e-type=\"widget\" data-settings=\"{&quot;youtube_url&quot;:&quot;https:\\\/\\\/www.youtube.com\\\/watch?v=L6oGV_AdjH0&quot;,&quot;video_type&quot;:&quot;youtube&quot;,&quot;controls&quot;:&quot;yes&quot;}\" data-widget_type=\"video.default\">\n\t\t\t\t<div class=\"elementor-widget-container\">\n\t\t\t\t\t\t\t<div class=\"elementor-wrapper elementor-open-inline\">\n\t\t\t<div class=\"elementor-video\"><\/div>\t\t<\/div>\n\t\t\t\t\t\t<\/div>\n\t\t\t\t<\/div>\n\t\t\t\t\t<\/div>\n\t\t<\/div>\n\t\t\t\t\t<\/div>\n\t\t<\/section>\n\t\t\t\t<section class=\"elementor-section elementor-top-section elementor-element elementor-element-f232d20 elementor-section-boxed elementor-section-height-default elementor-section-height-default wpr-particle-no wpr-jarallax-no wpr-parallax-no wpr-sticky-section-no\" data-id=\"f232d20\" data-element_type=\"section\" data-e-type=\"section\">\n\t\t\t\t\t\t<div class=\"elementor-container elementor-column-gap-default\">\n\t\t\t\t\t<div class=\"elementor-column elementor-col-100 elementor-top-column elementor-element elementor-element-7b72e76\" data-id=\"7b72e76\" data-element_type=\"column\" data-e-type=\"column\">\n\t\t\t<div class=\"elementor-widget-wrap elementor-element-populated\">\n\t\t\t\t\t\t<div class=\"elementor-element elementor-element-8a05cb0 elementor-widget__width-inherit elementor-widget elementor-widget-video\" data-id=\"8a05cb0\" data-element_type=\"widget\" data-e-type=\"widget\" data-settings=\"{&quot;youtube_url&quot;:&quot;https:\\\/\\\/www.youtube.com\\\/watch?v=dqOf5hO6sg0&quot;,&quot;video_type&quot;:&quot;youtube&quot;,&quot;controls&quot;:&quot;yes&quot;}\" data-widget_type=\"video.default\">\n\t\t\t\t<div class=\"elementor-widget-container\">\n\t\t\t\t\t\t\t<div class=\"elementor-wrapper elementor-open-inline\">\n\t\t\t<div class=\"elementor-video\"><\/div>\t\t<\/div>\n\t\t\t\t\t\t<\/div>\n\t\t\t\t<\/div>\n\t\t\t\t\t<\/div>\n\t\t<\/div>\n\t\t\t\t\t<\/div>\n\t\t<\/section>\n\t\t\t\t<section class=\"elementor-section elementor-top-section elementor-element elementor-element-9056f09 elementor-section-boxed elementor-section-height-default elementor-section-height-default wpr-particle-no wpr-jarallax-no wpr-parallax-no wpr-sticky-section-no\" data-id=\"9056f09\" data-element_type=\"section\" data-e-type=\"section\">\n\t\t\t\t\t\t<div class=\"elementor-container elementor-column-gap-default\">\n\t\t\t\t\t<div class=\"elementor-column elementor-col-100 elementor-top-column elementor-element elementor-element-0e777ba\" data-id=\"0e777ba\" data-element_type=\"column\" data-e-type=\"column\">\n\t\t\t<div class=\"elementor-widget-wrap elementor-element-populated\">\n\t\t\t\t\t\t<div class=\"elementor-element elementor-element-2dfb8c0 elementor-widget__width-inherit elementor-widget elementor-widget-video\" data-id=\"2dfb8c0\" data-element_type=\"widget\" data-e-type=\"widget\" data-settings=\"{&quot;youtube_url&quot;:&quot;https:\\\/\\\/www.youtube.com\\\/watch?v=R5ls1qTfR7M&quot;,&quot;video_type&quot;:&quot;youtube&quot;,&quot;controls&quot;:&quot;yes&quot;}\" data-widget_type=\"video.default\">\n\t\t\t\t<div class=\"elementor-widget-container\">\n\t\t\t\t\t\t\t<div class=\"elementor-wrapper elementor-open-inline\">\n\t\t\t<div class=\"elementor-video\"><\/div>\t\t<\/div>\n\t\t\t\t\t\t<\/div>\n\t\t\t\t<\/div>\n\t\t\t\t\t<\/div>\n\t\t<\/div>\n\t\t\t\t\t<\/div>\n\t\t<\/section>\n\t\t\t\t<\/div>\n\t\t","protected":false},"excerpt":{"rendered":"<p>Aikido povijest Aikido \u2013 vje\u0161tina harmonije i nenasilja Aikido je japanska borila\u010dka vje\u0161tina koja nagla\u0161ava nenasilje, smirenost i kontrolu vlastite energije. Temelji se na kru\u017enim pokretima, preusmjeravanju snage i preciznim tehnikama kojima se napad dovodi pod kontrolu bez nano\u0161enja \u0161tete. &hellip;<\/p>\n<p class=\"read-more\"> <a class=\"more-link\" href=\"https:\/\/www.aikidojo.hr\/wordpressnew\/aikido-povijest\/\"> <span class=\"screen-reader-text\">Aikido povijest<\/span> Read More &raquo;<\/a><\/p>\n","protected":false},"author":1,"featured_media":0,"parent":0,"menu_order":0,"comment_status":"closed","ping_status":"closed","template":"elementor_header_footer","meta":{"footnotes":""},"class_list":["post-11","page","type-page","status-publish","hentry"],"aioseo_notices":[],"_links":{"self":[{"href":"https:\/\/www.aikidojo.hr\/wordpressnew\/wp-json\/wp\/v2\/pages\/11","targetHints":{"allow":["GET"]}}],"collection":[{"href":"https:\/\/www.aikidojo.hr\/wordpressnew\/wp-json\/wp\/v2\/pages"}],"about":[{"href":"https:\/\/www.aikidojo.hr\/wordpressnew\/wp-json\/wp\/v2\/types\/page"}],"author":[{"embeddable":true,"href":"https:\/\/www.aikidojo.hr\/wordpressnew\/wp-json\/wp\/v2\/users\/1"}],"replies":[{"embeddable":true,"href":"https:\/\/www.aikidojo.hr\/wordpressnew\/wp-json\/wp\/v2\/comments?post=11"}],"version-history":[{"count":70,"href":"https:\/\/www.aikidojo.hr\/wordpressnew\/wp-json\/wp\/v2\/pages\/11\/revisions"}],"predecessor-version":[{"id":10303,"href":"https:\/\/www.aikidojo.hr\/wordpressnew\/wp-json\/wp\/v2\/pages\/11\/revisions\/10303"}],"wp:attachment":[{"href":"https:\/\/www.aikidojo.hr\/wordpressnew\/wp-json\/wp\/v2\/media?parent=11"}],"curies":[{"name":"wp","href":"https:\/\/api.w.org\/{rel}","templated":true}]}}