{"id":7621,"date":"2023-04-26T13:23:49","date_gmt":"2023-04-26T13:23:49","guid":{"rendered":"https:\/\/aikidojo.hr\/wordpressnew\/?page_id=7621"},"modified":"2023-04-27T12:02:03","modified_gmt":"2023-04-27T12:02:03","slug":"shirakawa-sensei","status":"publish","type":"page","link":"https:\/\/www.aikidojo.hr\/wordpressnew\/shirakawa-sensei\/","title":{"rendered":"Ryuji Shirakawa Shihan"},"content":{"rendered":"\t\t<div data-elementor-type=\"wp-page\" data-elementor-id=\"7621\" class=\"elementor elementor-7621\">\n\t\t\t\t\t\t<section class=\"elementor-section elementor-top-section elementor-element elementor-element-4efef1f elementor-section-boxed elementor-section-height-default elementor-section-height-default wpr-particle-no wpr-jarallax-no wpr-parallax-no wpr-sticky-section-no wpr-column-slider-no wpr-equal-height-no\" data-id=\"4efef1f\" data-element_type=\"section\" data-e-type=\"section\">\n\t\t\t\t\t\t<div class=\"elementor-container elementor-column-gap-default\">\n\t\t\t\t\t<div class=\"elementor-column elementor-col-100 elementor-top-column elementor-element elementor-element-10ce907\" data-id=\"10ce907\" data-element_type=\"column\" data-e-type=\"column\" data-settings=\"{&quot;background_background&quot;:&quot;classic&quot;}\">\n\t\t\t<div class=\"elementor-widget-wrap elementor-element-populated\">\n\t\t\t\t\t\t<div class=\"elementor-element elementor-element-c508846 elementor-widget elementor-widget-heading\" data-id=\"c508846\" data-element_type=\"widget\" data-e-type=\"widget\" data-widget_type=\"heading.default\">\n\t\t\t\t<div class=\"elementor-widget-container\">\n\t\t\t\t\t<h1 class=\"elementor-heading-title elementor-size-default\">Ryuji Shirakawa Shihan<\/h1>\t\t\t\t<\/div>\n\t\t\t\t<\/div>\n\t\t\t\t\t<\/div>\n\t\t<\/div>\n\t\t\t\t\t<\/div>\n\t\t<\/section>\n\t\t\t\t<section class=\"elementor-section elementor-top-section elementor-element elementor-element-93f6682 elementor-section-boxed elementor-section-height-default elementor-section-height-default wpr-particle-no wpr-jarallax-no wpr-parallax-no wpr-sticky-section-no wpr-column-slider-no wpr-equal-height-no\" data-id=\"93f6682\" data-element_type=\"section\" data-e-type=\"section\">\n\t\t\t\t\t\t<div class=\"elementor-container elementor-column-gap-default\">\n\t\t\t\t\t<div class=\"elementor-column elementor-col-100 elementor-top-column elementor-element elementor-element-f40c60a\" data-id=\"f40c60a\" data-element_type=\"column\" data-e-type=\"column\">\n\t\t\t<div class=\"elementor-widget-wrap elementor-element-populated\">\n\t\t\t\t\t\t<div class=\"elementor-element elementor-element-32cf768 elementor-widget elementor-widget-text-editor\" data-id=\"32cf768\" data-element_type=\"widget\" data-e-type=\"widget\" data-widget_type=\"text-editor.default\">\n\t\t\t\t<div class=\"elementor-widget-container\">\n\t\t\t\t\t\t\t\t\t<p>U\u010ditelj dojo-a<\/p>\t\t\t\t\t\t\t\t<\/div>\n\t\t\t\t<\/div>\n\t\t\t\t<div class=\"elementor-element elementor-element-4f63c3a elementor-widget elementor-widget-text-editor\" data-id=\"4f63c3a\" data-element_type=\"widget\" data-e-type=\"widget\" data-widget_type=\"text-editor.default\">\n\t\t\t\t<div class=\"elementor-widget-container\">\n\t\t\t\t\t\t\t\t\t<div><div><img fetchpriority=\"high\" decoding=\"async\" class=\"size-full wp-image-276 alignleft\" src=\"https:\/\/aikidojo.hr\/wordpressnew\/wp-content\/uploads\/2023\/04\/ryuji-shirakawa-sensei-271x300-1.jpg\" alt=\"\" width=\"271\" height=\"300\" srcset=\"https:\/\/www.aikidojo.hr\/wordpressnew\/wp-content\/uploads\/2023\/04\/ryuji-shirakawa-sensei-271x300-1.jpg 271w, https:\/\/www.aikidojo.hr\/wordpressnew\/wp-content\/uploads\/2023\/04\/ryuji-shirakawa-sensei-271x300-1-100x111.jpg 100w, https:\/\/www.aikidojo.hr\/wordpressnew\/wp-content\/uploads\/2023\/04\/ryuji-shirakawa-sensei-271x300-1-150x166.jpg 150w, https:\/\/www.aikidojo.hr\/wordpressnew\/wp-content\/uploads\/2023\/04\/ryuji-shirakawa-sensei-271x300-1-200x221.jpg 200w\" sizes=\"(max-width: 271px) 100vw, 271px\" \/>Ryuji Shirakawa Shihan ro\u0111en je 1980. Godine 1995., u dobi od 15 godina, po\u010deo je podu\u010davati aikido pod vodstvom svog oca Katsutoshija Shirakawa Shihana, 7. dan Aikikaija. Kao strastven i brz u\u010denik, vrlo je temeljito prou\u010dio osnove teoretskog i prakti\u010dnog aikida. Osim \u0161to je odrastao u ku\u0107anstvu s puno knjiga o aikidu, Ryuji Shirakawa je znao pitati svog oca za obja\u0161njenja o aikidou, a otac bi mu obja\u0161njavao sve dok ne shvati.<\/div><p>Ryuji Shrakawa Sensei privukao je aikido jer je vjerovao da mu miroljubivi principi aikida i njegovi temelji kao oblika budoa nude va\u017ene vrijednosti i sposobnosti za njegov \u017eivot. Aikido smatra posebnim jer mu je cilj uskladiti se sa svojim partnerom, a ne pobijediti protivnika. Dok se uke i tori izmjenjuju tijekom vje\u017ebanja aikida i razumiju osje\u0107aje drugoga, \u010dine da mir i sklad rastu kroz praksu. Prema njegovom mi\u0161ljenju, to mogu do\u017eivjeti i po\u010detnici i iskusni prakti\u010dari.<\/p><\/div><div><div>\u00a0<\/div><div><p>Ryuji Shirakawa Sensei je studirao kao uchi deshi Yasua Kobayashija, koji je bio o\u010dev sensei i izravni u\u010denik Moriheija Ueshibe. Majstor Kobayashi objasnio je Ryuji Shirakawi va\u017enost profesionalnog instruktora aikida kao i kako primijeniti aikido u \u017eivotu. U slobodno vrijeme tako\u0111er je poha\u0111ao redovnu nastavu u Aikikai Hombu Dojou u Tokiju, gdje se pridru\u017eio poznatim u\u010diteljskim razredima, ali vjeruje da je glavne upute u Hombu Dojou dobio od Moriterua Ueshiba Doshua, \u010dije su tehnike bile vjerne osnovama i vrlo jasne.<\/p><div>Kona\u010dno, pod nadzorom i strogim nadzorom svog oca, Katsutoshi Shirakawe Shihana, nastavio je razvijati svoje sposobnosti i sazrijevati tijekom godina.<\/div><div>Godine 2017. promoviran je u rang Dana 6 od strane Doshua Moriterua Ueshibe i ubrzo nakon toga dobio je titulu Shihan (Model), \u0161to ga \u010dini jednim od najmla\u0111ih u\u010ditelja koji je dobio ovu titulu ikada prije. Ryuji Shirakawa Sensei predaje s punim radnim vremenom u dva najva\u017enija dojoa u gradu Sendai u sjevernom Japanu, prefektura Miyagi, kao i u brojnim dojo podru\u017enicama u podru\u010dju Sendaija.<\/div><div>Ryuji Shirakawa Shihanov aikido stil poznat je po svom te\u010dnom, inovativnom, jasnom, dinami\u010dnom i \u010distom aikido stilu, kao i po tome \u0161to je izvrstan instruktor.<\/div><\/div><div>Ryuji Shirakawa Sensei mo\u017ee se vidjeti kako demonstrira svoj stil na YouTubeu na sve japanske Aikido demonstracije, kao i kako predstavlja Japan na Svjetskim borbenim igrama u Rusiji (2013.).<\/div><\/div><p>\u0160to vi\u0161e promatra\u0161 njegovo umije\u010de to ti se vi\u0161e svi\u0111a ono \u0161to radi. Iz tog razloga vodi puno seminara diljem svijeta: Hrvatska, Italija, Rusija, Francuska, Gr\u010dka, Kanada, Ma\u0111arska, Marocco, Taiwan, Indonesia \u2013 Jakarta, Japan, itd\u2026<\/p><p>Razgovor sa sensei-jem pogledajte <a title=\"Interview with Ryuji Shirakawa Shihan\" href=\"https:\/\/www.youtube.com\/watch?v=zMXXiB6hrng\" target=\"_blank\" rel=\"noopener\">ovdje<\/a>.<\/p>\t\t\t\t\t\t\t\t<\/div>\n\t\t\t\t<\/div>\n\t\t\t\t\t<\/div>\n\t\t<\/div>\n\t\t\t\t\t<\/div>\n\t\t<\/section>\n\t\t\t\t<section class=\"elementor-section elementor-top-section elementor-element elementor-element-18f12fa elementor-section-boxed elementor-section-height-default elementor-section-height-default wpr-particle-no wpr-jarallax-no wpr-parallax-no wpr-sticky-section-no wpr-column-slider-no wpr-equal-height-no\" data-id=\"18f12fa\" data-element_type=\"section\" data-e-type=\"section\">\n\t\t\t\t\t\t<div class=\"elementor-container elementor-column-gap-default\">\n\t\t\t\t\t<div class=\"elementor-column elementor-col-100 elementor-top-column elementor-element elementor-element-7fe2544\" data-id=\"7fe2544\" data-element_type=\"column\" data-e-type=\"column\">\n\t\t\t<div class=\"elementor-widget-wrap\">\n\t\t\t\t\t\t\t<\/div>\n\t\t<\/div>\n\t\t\t\t\t<\/div>\n\t\t<\/section>\n\t\t\t\t<\/div>\n\t\t","protected":false},"excerpt":{"rendered":"<p>Ryuji Shirakawa Shihan U\u010ditelj dojo-a Ryuji Shirakawa Shihan ro\u0111en je 1980. Godine 1995., u dobi od 15 godina, po\u010deo je podu\u010davati aikido pod vodstvom svog oca Katsutoshija Shirakawa Shihana, 7. dan Aikikaija. Kao strastven i brz u\u010denik, vrlo je temeljito &hellip;<\/p>\n<p class=\"read-more\"> <a class=\"more-link\" href=\"https:\/\/www.aikidojo.hr\/wordpressnew\/shirakawa-sensei\/\"> <span class=\"screen-reader-text\">Ryuji Shirakawa Shihan<\/span> Read More &raquo;<\/a><\/p>\n","protected":false},"author":1,"featured_media":0,"parent":0,"menu_order":0,"comment_status":"closed","ping_status":"closed","template":"elementor_header_footer","meta":{"footnotes":""},"class_list":["post-7621","page","type-page","status-publish","hentry"],"_links":{"self":[{"href":"https:\/\/www.aikidojo.hr\/wordpressnew\/wp-json\/wp\/v2\/pages\/7621","targetHints":{"allow":["GET"]}}],"collection":[{"href":"https:\/\/www.aikidojo.hr\/wordpressnew\/wp-json\/wp\/v2\/pages"}],"about":[{"href":"https:\/\/www.aikidojo.hr\/wordpressnew\/wp-json\/wp\/v2\/types\/page"}],"author":[{"embeddable":true,"href":"https:\/\/www.aikidojo.hr\/wordpressnew\/wp-json\/wp\/v2\/users\/1"}],"replies":[{"embeddable":true,"href":"https:\/\/www.aikidojo.hr\/wordpressnew\/wp-json\/wp\/v2\/comments?post=7621"}],"version-history":[{"count":14,"href":"https:\/\/www.aikidojo.hr\/wordpressnew\/wp-json\/wp\/v2\/pages\/7621\/revisions"}],"predecessor-version":[{"id":7684,"href":"https:\/\/www.aikidojo.hr\/wordpressnew\/wp-json\/wp\/v2\/pages\/7621\/revisions\/7684"}],"wp:attachment":[{"href":"https:\/\/www.aikidojo.hr\/wordpressnew\/wp-json\/wp\/v2\/media?parent=7621"}],"curies":[{"name":"wp","href":"https:\/\/api.w.org\/{rel}","templated":true}]}}